9) + (-538)/(-9). What is the greatest common divisor of h and w?
12
Let p(w) = -w - 13. Let l be p(-11). Let b be 5/l*-8 - 4. What is the highest common divisor of b and 112?
16
Let z = 7 + 0. Suppose -z*d = -12*d + 20. What is the greatest common factor of 44 and d?
4
Let i = -42 - -61. What is the highest common factor of 209 and i?
19
Let a = 164 - 134. Let o(m) = 11*m - 1. Let l be 18/14 - 4/14. Let q be o(l). Calculate the highest common divisor of a and q.
10
Suppose 5*i - 2*m = 6, -4*i + 2*i + m = -2. Let v(g) = -1 + 2*g - 5*g + 2. Let b be v(-3). Calculate the highest common factor of b and i.
2
Let n(l) = l**3 - 6*l**2 + 2*l + 4. Let v be n(6). Let p = v - 14. Calculate the greatest common factor of p and 1.
1
Let t = 27 - 19. Suppose -3*q = -3*u - 11 + 302, 3*q + 286 = -2*u. Let c = q - -184. What is the greatest common divisor of t and c?
8
Suppose 9 = 4*g - g. Suppose 4*b = -n + 50, g*b - 5*b + 24 = n. Calculate the highest common divisor of b and 91.
13
Let r(k) = -k**3 + 7*k**2 - 5*k - 12. Let j be r(5). Suppose 2*h + 65 = 7*h. What is the highest common factor of j and h?
13
Suppose 72 = -2*z + 5*t + 12, 3*t = 0. Let s be ((-2)/3)/(4/z). Suppose 0 = -3*u + s*u - 360. Calculate the greatest common factor of u and 20.
20
Let k(j) = j**3 + 16*j**2 + 10*j - 67. Let b be k(-15). Calculate the highest common divisor of b and 64.
8
Let o = 5 + 6. What is the greatest common factor of o and 121?
11
Let y be ((-10)/((-120)/54))/(3/8). Let h = -3 + -4. Let q be 2/(h/(-6) - 1). Calculate the greatest common factor of y and q.
12
Suppose -1940 - 447 = 5*c - o, -2377 = 5*c + 4*o. Let i be (1 - c/3) + 1. Suppose 46 = 6*x - 4*x. Calculate the greatest common factor of x and i.
23
Let v = -48 - -41. Let t(d) = -d**2 - 1 + 2*d**2 - 2 + 6*d. Let w be t(v). Calculate the greatest common divisor of w and 32.
4
Suppose 3*s + 16 = 2*t + s, 5*s = -4*t + 50. Let x(l) = -2*l. Let r be x(-1). Suppose r*j + 2*j - 16 = 0. Calculate the greatest common factor of t and j.
2
Suppose -7*o = -2*o - 710. Suppose 122 + o = 3*r. What is the greatest common divisor of 8 and r?
8
Let l = 356 + 4. Suppose -4*u + 0*u + l = 0. Calculate the highest common divisor of u and 18.
18
Let o = -419 + 715. Calculate the greatest common divisor of 37 and o.
37
Let w = -12 + 14. Suppose -w*z + 18 + 2 = 0. What is the greatest common factor of z and 2?
2
Let r be 22/(-4) + (-15)/(-10). Let m be 747/12 + (-3)/r. Calculate the highest common divisor of m and 7.
7
Suppose -4*k + 4 = -z + 52, 0 = -3*z - 2*k + 116. Let g = z + -20. Calculate the greatest common factor of 30 and g.
10
Let k be 1/(-2) + 1641/6. Let u = k + -193. What is the highest common divisor of 10 and u?
10
Let k be 2/8 + (-14)/(-8). Let i(v) = 2*v + k*v + 5*v - v**2. Let n be i(8). Calculate the highest common divisor of 1 and n.
1
Let i(g) = -g**3 + 8*g**2 - 7*g - 3. Let u be i(6). Calculate the greatest common divisor of 3 and u.
3
Let a(p) be the third derivative of -p**5/60 + 8*p**3 - 3*p**2. Let m be a(0). Suppose -2*j + m = -j. Calculate the highest common divisor of j and 12.
12
Suppose 5*w - 1230 = -160. Suppose 2*g + 44 = w. What is the greatest common factor of g and 17?
17
Let a be (14/(-3 + 2))/(2/(-40)). Calculate the highest common divisor of 40 and a.
40
Let z be (2/(-5) + -2)*-5. Suppose -3*a = -3*x - 18, -x = 4*a - 9*a + 38. What is the highest common factor of a and z?
4
Let i = -16 + 2. Let o be (15/(-6))/(-5)*i. Let q be (-7)/o + 1 + 1. Calculate the greatest common factor of 3 and q.
3
Let o = -17 + 29. Let y = -180 + 276. Calculate the highest common divisor of y and o.
12
Suppose -4*h + 3*q + 1 = 7, 3*h = 3*q - 6. Let a be 39/3 + h/(-3). Suppose 3*p - 93 - 24 = 0. What is the highest common divisor of p and a?
13
Let m(h) = 8*h + 277. Let k be m(-32). Let l(q) = 36*q**2 + 3*q - 3. Let a be l(2). Calculate the greatest common divisor of a and k.
21
Let z(b) = 13*b**2 - b - 2. Let k be z(-1). Calculate the greatest common divisor of 84 and k.
12
Suppose 3*q - 3*u - 21 = 0, 2*q + 4*u = u + 39. Calculate the highest common factor of 12 and q.
12
Suppose 0 + 3 = 3*n. Let t = 32 + n. Suppose 7*l = 4*l + 33. Calculate the highest common factor of l and t.
11
Let m = 17 - 10. Suppose -2*k + 6*o + 14 = 3*o, 0 = k + 3*o - m. What is the greatest common factor of 35 and k?
7
Let p = -3 - -14. What is the highest common divisor of p and 22?
11
Let f(p) = p**2 - p - 4. Let q be f(3). Suppose 0 = -q*l + 6 - 2. Suppose -36 = -0*k - l*k. What is the highest common factor of k and 6?
6
Let o(j) = 13 - 1 - 5*j + 4*j. Suppose -4*b + 1 = -35. Let i be o(b). What is the highest common divisor of i and 21?
3
Suppose -4*r - 160 = -9*r + 5*i, -3*i = 2*r - 49. Calculate the highest common factor of r and 319.
29
Let b be (0 + (-1 - -2))*5. Suppose -o - 2*y + 325 = 4*o, o - b*y = 38. Suppose 3*x + 4 - 25 = 0. What is the highest common factor of o and x?
7
Let d = -39 - -55. Calculate the greatest common factor of d and 32.
16
Let g = 42 - 24. Calculate the highest common divisor of 2 and g.
2
Let x(i) = i - 1. Let a be x(3). Suppose a*v + 2 + 4 = 0. Let w be v*(30/(-9) - 0). Calculate the greatest common factor of w and 80.
10
Let y(n) = n**3 - 19*n**2 + 60. Let a be y(19). Calculate the greatest common divisor of a and 30.
30
Let b be 0/1 - (24 + -4). Let u be (16/b)/(2/(-30)). What is the highest common divisor of 96 and u?
12
Suppose 5*q - 280 = 35. What is the highest common divisor of 21 and q?
21
Let i(v) = -24*v - 6. Let p be i(-1). Suppose 150 = 5*k - 3*m, -k + 37 = -0*k - 2*m. Calculate the greatest common factor of p and k.
9
Suppose 0 = -a - 0 + 9. Calculate the greatest common divisor of a and 1.
1
Suppose -2*f - 4*d = -14, -17 = -5*f - 0*d - d. Calculate the highest common factor of 15 and f.
3
Suppose 0 = -0*s + 5*s - 50. Let a be 0/(5/(s/4)). Suppose -3*o = 4*v - 27, -v + 28 = 5*o - a*o. Calculate the greatest common factor of o and 10.
5
Let k(p) = p - 3. Suppose 2*n - 2*r = 3*n + 2, 3*n + 1 = -5*r. Let o be k(n). Calculate the highest common factor of 55 and o.
5
Suppose 12*i = -82 + 946. What is the greatest common divisor of 96 and i?
24
Suppose t + 3*f - 22 = 0, 2*f - 6*f + 51 = 3*t. Calculate the greatest common divisor of t and 104.
13
Suppose 0 = r - 0*r - 17. Suppose 3*i + 136 = 11*i. What is the greatest common divisor of r and i?
17
Suppose -2 = 3*d - 17. Calculate the highest common divisor of d and 45.
5
Let m = 114 + -72. What is the greatest common factor of m and 6?
6
Let w be (-6)/(-2 + (-34)/(-18)). Let y(k) = k**2 - 7. Let g be y(-5). Calculate the highest common factor of w and g.
18
Suppose 4 = -5*t + t + 4*z, -2*t + 23 = 3*z. Let c = t - 5. Let h = 6 + c. Calculate the greatest common divisor of h and 25.
5
Let r = 26 + 20. Suppose -4 = 2*h - r. Calculate the highest common factor of h and 231.
21
Suppose 3*h + 2*s - 109 + 17 = 0, h - 4*s - 40 = 0. Suppose -g + 96 = h. What is the greatest common factor of 16 and g?
16
Suppose 2*u = k + 84, 0*k - 36 = -u + 2*k. Let d = -13 - -123. What is the greatest common factor of d and u?
22
Let q = 366 - 222. Let s be q/30*5*3. Let a be 11 - 1 - 2/2. What is the greatest common factor of a and s?
9
Suppose -6*o + 3*o + y + 51 = 0, 0 = -o - y + 21. What is the greatest common divisor of 45 and o?
9
Let q(u) = -u**2 + 18*u - 21. Let p be q(7). What is the greatest common divisor of 7 and p?
7
Let x = -324 - -460. Let t = 8 + -5. Suppose t*s - x = 119. Calculate the greatest common divisor of s and 17.
17
Let l be (1/2)/(1/(-174)). Let r = 158 + l. Suppose -r = -a + 1. What is the highest common divisor of a and 18?
18
Let b(r) = 40*r - 1. Let m be b(1). Suppose -3*a + 9 = -m. What is the highest common factor of 128 and a?
16
Let b be (-322)/(-21) - (-2)/(-6). Suppose -x - 2*x + b = 0. Suppose -3*l = -p, 3*p + l = -2*l + 60. Calculate the highest common factor of x and p.
5
Let c(n) = n**3 - n**2 + 7*n - 2. Let d be c(5). What is the highest common factor of d and 19?
19
Suppose 4*n + 46 = 18. Let b(a) = 2*a**2 + 6*a + 7. Let g be b(n). What is the greatest common factor of g and 9?
9
Let x(j) be the first derivative of -4*j**2 - 7*j - 7. Let i be x(-9). Calculate the greatest common divisor of 26 and i.
13
Let x be (6 - -2 - 0)/(14 - 1